{"id":132,"date":"2026-03-03T08:39:30","date_gmt":"2026-03-03T08:39:30","guid":{"rendered":"https:\/\/www.motrain.ch\/?page_id=132"},"modified":"2026-03-26T07:26:12","modified_gmt":"2026-03-26T07:26:12","slug":"die-initianten-und-gruender","status":"publish","type":"page","link":"https:\/\/www.motrain.ch\/?page_id=132","title":{"rendered":"Die Initianten und Gr\u00fcnder"},"content":{"rendered":"\n<section id=\"hero\" class=\"wp-block-group hero\"><div class=\"wp-block-group__inner-container is-layout-flow wp-block-group-is-layout-flow\">\n<div class=\"wp-block-group container\"><div class=\"wp-block-group__inner-container is-layout-constrained wp-block-group-is-layout-constrained\">\n<div class=\"wp-block-group card hero-card\"><div class=\"wp-block-group__inner-container is-layout-constrained wp-block-group-is-layout-constrained\">\n<h2 class=\"wp-block-heading\">Sechs Pers\u00f6nlichkeiten. Unterschiedliche Kompetenzen. Eine gemeinsame Passion.<\/h2>\n\n\n\n<p>Die Gr\u00fcnder von Motrain vereinen Erfahrung aus Leistungssport, Technik, Wirtschaft und Vereinsarbeit \u2013 und teilen die \u00dcberzeugung, dass saubere Skitechnik ganzj\u00e4hrige Trainingsm\u00f6glichkeiten braucht.<\/p>\n\n\n\n<p>Mit Mut, \u00dcberzeugung und eigenem Engagement investieren sie in ein Projekt, das den Schneesport nachhaltig st\u00e4rken soll.<\/p>\n<\/div><\/div>\n\n\n\n<hr class=\"hr\">\n\n\n\n<div class=\"wp-block-group card hero-card\"><div class=\"wp-block-group__inner-container is-layout-constrained wp-block-group-is-layout-constrained\">\n<h2 class=\"wp-block-heading\">Michael Baumgartner<\/h2>\n\n\n\n<div class=\"wp-block-columns is-layout-flex wp-container-core-columns-is-layout-9d6595d7 wp-block-columns-is-layout-flex\">\n<div class=\"wp-block-column is-layout-flow wp-block-column-is-layout-flow\" style=\"flex-basis:20%\">\n<figure class=\"wp-block-image size-full\"><img loading=\"lazy\" decoding=\"async\" width=\"547\" height=\"547\" src=\"https:\/\/www.motrain.ch\/wp-content\/uploads\/2026\/03\/Michi_Baumgartner-2.png\" alt=\"\" class=\"wp-image-183\" srcset=\"https:\/\/www.motrain.ch\/wp-content\/uploads\/2026\/03\/Michi_Baumgartner-2.png 547w, https:\/\/www.motrain.ch\/wp-content\/uploads\/2026\/03\/Michi_Baumgartner-2-300x300.png 300w, https:\/\/www.motrain.ch\/wp-content\/uploads\/2026\/03\/Michi_Baumgartner-2-150x150.png 150w\" sizes=\"auto, (max-width: 547px) 100vw, 547px\" \/><\/figure>\n<\/div>\n\n\n\n<div class=\"wp-block-column is-layout-flow wp-block-column-is-layout-flow\" style=\"flex-basis:80%\">\n<ul class=\"wp-block-list\">\n<li>Co-Founder und Verantwortung Architektur<\/li>\n\n\n\n<li>Architekt<\/li>\n\n\n\n<li>Trainer Skiclub Renngruppe Z\u00fcrcher Oberland<\/li>\n\n\n\n<li>Vater von drei sportbegeisterten Kinder<\/li>\n<\/ul>\n\n\n\n<p>\u201eGute Architektur schafft Raum f\u00fcr Entwicklung \u2013 im Geb\u00e4ude wie im Sport.\u201c<\/p>\n<\/div>\n<\/div>\n<\/div><\/div>\n\n\n\n<hr class=\"hr\">\n\n\n\n<div class=\"wp-block-group card hero-card\"><div class=\"wp-block-group__inner-container is-layout-constrained wp-block-group-is-layout-constrained\">\n<h2 class=\"wp-block-heading\">Mischa Faden<\/h2>\n\n\n\n<div class=\"wp-block-columns is-layout-flex wp-container-core-columns-is-layout-9d6595d7 wp-block-columns-is-layout-flex\">\n<div class=\"wp-block-column is-layout-flow wp-block-column-is-layout-flow\" style=\"flex-basis:20%\">\n<figure class=\"wp-block-image size-full\"><img loading=\"lazy\" decoding=\"async\" width=\"151\" height=\"151\" src=\"https:\/\/www.motrain.ch\/wp-content\/uploads\/2026\/03\/mischa_faden.png\" alt=\"\" class=\"wp-image-143\"\/><\/figure>\n<\/div>\n\n\n\n<div class=\"wp-block-column is-layout-flow wp-block-column-is-layout-flow\" style=\"flex-basis:80%\">\n<ul class=\"wp-block-list\">\n<li>Co-Founder und Verantwortung Marketing<\/li>\n\n\n\n<li>Director Cloud &amp; AI Solution Engineering<\/li>\n\n\n\n<li>Skiclub Egg Mitglied<\/li>\n\n\n\n<li>Vater von zwei sportbegeisterten Kinder<\/li>\n<\/ul>\n\n\n\n<p>\u201eWer etwas bewegen will, muss Menschen begeistern \u2013 genau das wollen wir mit Motrain erreichen.\u201c<\/p>\n<\/div>\n<\/div>\n<\/div><\/div>\n\n\n\n<hr class=\"hr\">\n\n\n\n<div class=\"wp-block-group card hero-card\"><div class=\"wp-block-group__inner-container is-layout-constrained wp-block-group-is-layout-constrained\">\n<h2 class=\"wp-block-heading\">J\u00fcrg Gr\u00fcnenfelder<\/h2>\n\n\n\n<div class=\"wp-block-columns is-layout-flex wp-container-core-columns-is-layout-9d6595d7 wp-block-columns-is-layout-flex\">\n<div class=\"wp-block-column is-layout-flow wp-block-column-is-layout-flow\" style=\"flex-basis:20%\">\n<figure class=\"wp-block-image size-full\"><img loading=\"lazy\" decoding=\"async\" width=\"151\" height=\"151\" src=\"https:\/\/www.motrain.ch\/wp-content\/uploads\/2026\/03\/Juerg_Gruenenfelder.png\" alt=\"\" class=\"wp-image-144\"\/><\/figure>\n<\/div>\n\n\n\n<div class=\"wp-block-column is-layout-flow wp-block-column-is-layout-flow\" style=\"flex-basis:80%\">\n<ul class=\"wp-block-list\">\n<li>Co-Founder und Verantwortung Netzwerk Sport und Halle<\/li>\n\n\n\n<li>Immobilienmakler<\/li>\n\n\n\n<li>Vorstand Skiclub Elm<\/li>\n\n\n\n<li>Vater von drei sportbegeisterten Kinder<\/li>\n<\/ul>\n\n\n\n<p>\u201eSaubere Technik ist kein Zufall \u2013 sie ist das Resultat von konsequenter Wiederholung.\u201c<\/p>\n<\/div>\n<\/div>\n<\/div><\/div>\n\n\n\n<hr class=\"hr\">\n\n\n\n<div class=\"wp-block-group card hero-card\"><div class=\"wp-block-group__inner-container is-layout-constrained wp-block-group-is-layout-constrained\">\n<h2 class=\"wp-block-heading\">Marco Rast<\/h2>\n\n\n\n<div class=\"wp-block-columns is-layout-flex wp-container-core-columns-is-layout-9d6595d7 wp-block-columns-is-layout-flex\">\n<div class=\"wp-block-column is-layout-flow wp-block-column-is-layout-flow\" style=\"flex-basis:20%\">\n<figure class=\"wp-block-image size-full\"><img loading=\"lazy\" decoding=\"async\" width=\"150\" height=\"151\" src=\"https:\/\/www.motrain.ch\/wp-content\/uploads\/2026\/03\/marco_rast.png\" alt=\"\" class=\"wp-image-145\"\/><\/figure>\n<\/div>\n\n\n\n<div class=\"wp-block-column is-layout-flow wp-block-column-is-layout-flow\" style=\"flex-basis:80%\">\n<ul class=\"wp-block-list\">\n<li>Co-Founder und Verantwortung Finanzen<\/li>\n\n\n\n<li>Gesch\u00e4ftsf\u00fchrer IT, Multimedia und Elektro Firma<\/li>\n\n\n\n<li>Skiclub Egg Mitglied<\/li>\n\n\n\n<li>Vater von zwei sportbegeisterten Kinder<\/li>\n<\/ul>\n\n\n\n<p>\u201eVision entsteht, wenn man nicht nur dar\u00fcber spricht \u2013 sondern handelt.\u201c<\/p>\n<\/div>\n<\/div>\n<\/div><\/div>\n\n\n\n<hr class=\"hr\">\n\n\n\n<div class=\"wp-block-group card hero-card\"><div class=\"wp-block-group__inner-container is-layout-constrained wp-block-group-is-layout-constrained\">\n<h2 class=\"wp-block-heading\">Romano Tomezzoli<\/h2>\n\n\n\n<div class=\"wp-block-columns is-layout-flex wp-container-core-columns-is-layout-9d6595d7 wp-block-columns-is-layout-flex\">\n<div class=\"wp-block-column is-layout-flow wp-block-column-is-layout-flow\" style=\"flex-basis:20%\">\n<figure class=\"wp-block-image size-full\"><img loading=\"lazy\" decoding=\"async\" width=\"151\" height=\"151\" src=\"https:\/\/www.motrain.ch\/wp-content\/uploads\/2026\/03\/romano_tomezzoli.png\" alt=\"\" class=\"wp-image-146\"\/><\/figure>\n<\/div>\n\n\n\n<div class=\"wp-block-column is-layout-flow wp-block-column-is-layout-flow\" style=\"flex-basis:80%\">\n<ul class=\"wp-block-list\">\n<li>Co-Founder und Verantwortung Betrieb<\/li>\n\n\n\n<li>IT Spezialist<\/li>\n\n\n\n<li>Trainer Skiclub Egg<\/li>\n\n\n\n<li>Vater von zwei sportbegeisterten S\u00f6hnen<\/li>\n<\/ul>\n\n\n\n<p>\u201eSaubere Technik entsteht durch Wiederholung \u2013 Motrain schafft die Voraussetzungen daf\u00fcr.\u201c<\/p>\n<\/div>\n<\/div>\n<\/div><\/div>\n\n\n\n<hr class=\"hr\">\n\n\n\n<div class=\"wp-block-group card hero-card\"><div class=\"wp-block-group__inner-container is-layout-constrained wp-block-group-is-layout-constrained\">\n<h2 class=\"wp-block-heading\">Josef Zehnder<\/h2>\n\n\n\n<div class=\"wp-block-columns is-layout-flex wp-container-core-columns-is-layout-9d6595d7 wp-block-columns-is-layout-flex\">\n<div class=\"wp-block-column is-layout-flow wp-block-column-is-layout-flow\" style=\"flex-basis:20%\">\n<figure class=\"wp-block-image size-full\"><img loading=\"lazy\" decoding=\"async\" width=\"151\" height=\"151\" src=\"https:\/\/www.motrain.ch\/wp-content\/uploads\/2026\/03\/sepp_zehnder.png\" alt=\"\" class=\"wp-image-147\"\/><\/figure>\n<\/div>\n\n\n\n<div class=\"wp-block-column is-layout-flow wp-block-column-is-layout-flow\" style=\"flex-basis:80%\">\n<ul class=\"wp-block-list\">\n<li>Co-Founder und Verantwortung Bauliches<\/li>\n\n\n\n<li>Eidg. Dipl. Elektroinstallateur<\/li>\n\n\n\n<li>Trainer und Vize-Pr\u00e4sident Skiclub Einsiedeln<\/li>\n\n\n\n<li>Vater von zwei sportbegeisterten Kindern<\/li>\n<\/ul>\n\n\n\n<p>\u201eEine starke Infrastruktur ist die Grundlage f\u00fcr starke Leistungen.\u201c<\/p>\n<\/div>\n<\/div>\n<\/div><\/div>\n<\/div><\/div>\n<\/div><\/section>\n\n\n\n<hr class=\"hr\">\n\n\n\n<p><\/p>\n","protected":false},"excerpt":{"rendered":"<p>Sechs Pers\u00f6nlichkeiten. Unterschiedliche Kompetenzen. Eine gemeinsame Passion. Die Gr\u00fcnder von Motrain vereinen Erfahrung aus Leistungssport, Technik, Wirtschaft und Vereinsarbeit \u2013 und teilen die \u00dcberzeugung, dass saubere Skitechnik ganzj\u00e4hrige Trainingsm\u00f6glichkeiten braucht. Mit Mut, \u00dcberzeugung und eigenem Engagement investieren sie in ein Projekt, das den Schneesport nachhaltig st\u00e4rken soll. Michael Baumgartner \u201eGute Architektur schafft Raum f\u00fcr Entwicklung [&hellip;]<\/p>\n","protected":false},"author":1,"featured_media":0,"parent":0,"menu_order":0,"comment_status":"closed","ping_status":"closed","template":"","meta":{"footnotes":""},"class_list":["post-132","page","type-page","status-publish","hentry"],"_links":{"self":[{"href":"https:\/\/www.motrain.ch\/index.php?rest_route=\/wp\/v2\/pages\/132","targetHints":{"allow":["GET"]}}],"collection":[{"href":"https:\/\/www.motrain.ch\/index.php?rest_route=\/wp\/v2\/pages"}],"about":[{"href":"https:\/\/www.motrain.ch\/index.php?rest_route=\/wp\/v2\/types\/page"}],"author":[{"embeddable":true,"href":"https:\/\/www.motrain.ch\/index.php?rest_route=\/wp\/v2\/users\/1"}],"replies":[{"embeddable":true,"href":"https:\/\/www.motrain.ch\/index.php?rest_route=%2Fwp%2Fv2%2Fcomments&post=132"}],"version-history":[{"count":18,"href":"https:\/\/www.motrain.ch\/index.php?rest_route=\/wp\/v2\/pages\/132\/revisions"}],"predecessor-version":[{"id":184,"href":"https:\/\/www.motrain.ch\/index.php?rest_route=\/wp\/v2\/pages\/132\/revisions\/184"}],"wp:attachment":[{"href":"https:\/\/www.motrain.ch\/index.php?rest_route=%2Fwp%2Fv2%2Fmedia&parent=132"}],"curies":[{"name":"wp","href":"https:\/\/api.w.org\/{rel}","templated":true}]}}